= -x + 4*q + 11. Let a = 11 - x. Calculate the remainder when y(-79) is divided by a.
2
Let p(j) = j**3 - 52*j**2 + 494*j + 112. What is the remainder when p(40) is divided by 249?
174
Let w be 68/(-5) - 4/10. Suppose -166*x = 4550 - 6376. Calculate the remainder when 4/w - (-596)/28 is divided by x.
10
Let l = 264 + -231. Suppose -2*h + 13 = 2*n - 3*h, -n + 3*h = -9. Let s = n + 3. What is the remainder when l is divided by s?
6
Suppose -58 = 5*a + 3*p, -3*p + 4 = -2*p. Let f be a + 15 - -2*1. What is the remainder when 50 is divided by (-4 + 32/3)/(1/f)?
10
Let m be 0/9 + (-1)/(5/950). What is the remainder when 114/m - (-4496)/10 is divided by 19?
12
Let o be 3/2*112/12. Let b(f) = f**3 + 120*f**2 - 488*f + 1050. Calculate the remainder when b(-124) is divided by 284/o - 2/7.
18
Let k(n) = -n**2 + 17*n - 30. Let v = -28 - -43. Let s be k(v). Suppose s = -c - 5*r + 22, -r + 14 = c - 0*r. Calculate the remainder when c is divided by 9.
3
Suppose -25*a + 145 = -280. Calculate the remainder when 1404 is divided by a.
10
Let u(t) = 2*t**3 - t**2 - 16*t + 11. Suppose 14*j = -15*j + 87. Calculate the remainder when 37 is divided by u(j).
5
Suppose -g + 133 = y, 2*y - 2*g = 6*y - 524. Suppose 0 = -7*n - 908 + 341. Let d = n + 107. What is the remainder when y is divided by d?
25
Let v(u) = -5*u - 18. Let y be v(-4). Suppose y*q - q - 5 = 0, w = -3*q + 20. Suppose -p = -14 + w. Calculate the remainder when 14 is divided by p.
5
Suppose 162*z = 163*z - 2, 11871 = 3*i - 3*z. Calculate the remainder when i is divided by 45.
44
Suppose -4*c + 1 + 27 = 0. Let k = 994 - 775. Suppose -7*g = -k + 2. What is the remainder when g is divided by c?
3
Let s = -285 + 290. Suppose f = -s*m + 146, -6*f = -3*f - 3. Calculate the remainder when 140 is divided by m.
24
Suppose 2*c + 84 = 80, -5*p + c + 157 = 0. What is the remainder when 917 is divided by p?
18
Suppose -3*q + 14*v = 19*v - 164, 2*q + 4*v = 112. What is the remainder when q is divided by 7?
6
Let y(o) = o**3 - 17*o**2 + 22. Let m(t) = -12*t - 2. Let f(r) = -2*r**3 - 2*r + 3. Let i be f(1). Calculate the remainder when y(17) is divided by m(i).
2
Suppose -7*w = -6*w + 2, -4*c - 5*w + 2 = 0. Let b = -1 - -12. Suppose -c*p + b*p = 520. What is the remainder when p is divided by 17?
14
Suppose 33*s = 31 + 1652. Calculate the remainder when 1249 is divided by s.
25
Suppose 0 = x - 5*j - 19, -2*x = 9*j - 10*j - 47. Calculate the remainder when 1175 is divided by x.
23
Suppose -2372 = -15*y + 673. Let q = 25 + y. Calculate the remainder when q is divided by 77.
74
Suppose 33 = -4*p + 189. Let k = 2261 + -2147. Calculate the remainder when k is divided by p.
36
Let h(s) = -113*s + 4377. What is the remainder when h(34) is divided by 35?
10
Let w(t) = -t**3 - 8*t**2 - 3*t - 9. What is the remainder when w(-9) is divided by (-9)/6*(-20 - -2 - 16)?
48
What is the remainder when (-29)/(-145) - (-5568)/10 is divided by 14?
11
Let q = -8265 + 8399. Calculate the remainder when 217 is divided by q.
83
Suppose 51*y - 40*y - 2079 = 0. What is the remainder when y is divided by 130/4 - 7/14?
29
Suppose 6*n - 630 = -0*n. Let l(i) = 20*i**2 - 118*i + 10. What is the remainder when n is divided by l(6)?
17
Suppose -j + 1961 = 4*a, 3*a = -1346*j + 1351*j + 1511. Calculate the remainder when a is divided by 108.
60
Let g(c) be the second derivative of -c**4/12 - c**3/2 - 17*c. Let j be g(-3). Suppose 27 = 3*s - j. Calculate the remainder when 26 is divided by s.
8
Let q(o) = -7*o - 123. Calculate the remainder when q(-21) is divided by 15/(-5) - (-36)/((-6)/(-3)).
9
Let a = -11748 - -13120. Calculate the remainder when a is divided by 8.
4
Suppose 1851*p - 1836*p - 31050 = 0. Calculate the remainder when p is divided by 7.
5
Calculate the remainder when (10695/25 - 1) + 17/85 is divided by 113.
88
Suppose -3*w + w - 5*j = -134, 5*w = -4*j + 335. Let b(f) = -f**3 - 14*f**2 + 274*f + 10. What is the remainder when w is divided by b(-25)?
32
Let d(n) = -3*n**3 + 2*n**2 + 6*n + 3. Let u be d(-2). Suppose -u*k + 776 = -121. What is the remainder when 43 is divided by k?
4
Suppose -210 = 42*d - 36*d. Let t = d + 144. What is the remainder when t is divided by 5?
4
Suppose 0 = -39*p + 16*p + 68264. What is the remainder when p is divided by 90?
88
Suppose 48 = -15501*m + 15507*m. Let u(z) = -z**2 + 9*z - 8. Let w be u(8). What is the remainder when m is divided by (w + 2/(-5))*-10?
0
Suppose 3*o - 157 = -2*y, 4*y = -4*o + y + 210. Suppose -144 + o = -t. What is the remainder when 275 is divided by t?
89
Suppose 10 = 14*u - 9*u. Suppose -2*g + 9 = -11*g. What is the remainder when g/((-1)/(3 + 1)) is divided by u?
0
Let o = 1029 - 746. Suppose -2*c + 20 = 3*c. Suppose 0 = -5*q + s + 330, -19 = c*q - 2*s - o. What is the remainder when q is divided by 14?
10
Let q(g) = 2*g - 24. Let t be q(21). Let s be (t + -3)/(0 + 1/5). Suppose 0 = -2*x + n + 61, -x - 4*n = 2*x - s. What is the remainder when x is divided by 15?
14
Let b = 13536 + -12886. Calculate the remainder when b is divided by 164.
158
Suppose 12056*z - 3827 = 12013*z. Calculate the remainder when z is divided by (-1 + 4)*14/3.
5
Let i = 48 - 56. Let h(x) = -x**3 + 0*x + 0*x - 3*x + 0*x - 8*x**2 + 14. What is the remainder when h(i) is divided by 13?
12
Suppose -224*c = -59*c - 15790 - 7145. What is the remainder when c is divided by 2*(2 - 10)*-2?
11
Suppose -5*d + 3*w = -9, 5*d - 5*w + 1 - 16 = 0. What is the remainder when d/3 - (-194 - -5) is divided by 15?
9
Let k(p) = p + 13. Let l be k(-11). Let y(z) = -10*z**2 + 3*z - 2. Let w(n) = -n**2. Let d(i) = 6*w(i) - y(i). What is the remainder when 33 is divided by d(l)?
9
Let n(m) = -m**3 + m**2 - 7. Let o be 0 - ((6 - 4) + -5). Let f(w) = -w**2 + w. Let l(u) = o*f(u) + n(u). Calculate the remainder when l(-5) is divided by 18.
17
Suppose 3*f = 2*f - 3. Let w(d) = -24*d + 6. Let r(a) = -12*a + 3. Let l(m) = -7*r(m) + 4*w(m). What is the remainder when 193 is divided by l(f)?
37
Suppose -5*v = -5*p + 170, p - 4*v + 160 = 5*p. Let a(g) = 406*g**3 - 14*g**2 + 12*g + 1. What is the remainder when a(1) is divided by p?
35
Suppose -374 = 17*w - 19*w. Let x = 213 - w. Calculate the remainder when 259 is divided by x.
25
Let n(t) = t**2 - 8*t + 1. Let w(h) = h**2 + 1. Let j = 89 - 87. Let m(y) = j*w(y) - n(y). Calculate the remainder when m(-9) is divided by 9.
1
Suppose 28*t = 23*t - 3*b + 2656, 5*b = 5*t - 2680. Calculate the remainder when t is divided by 258.
17
Let h be ((-77)/33 - -3)/(2/(-30)). Let y(b) be the third derivative of b**4/4 + 71*b**3/6 - 2*b**2. What is the remainder when 76 is divided by y(h)?
10
Suppose 0 = -36*q + 72*q - 6552. Suppose -q = 41*k - 48*k. Calculate the remainder when 49 is divided by k.
23
Suppose -3*s - 2*p = -38, 0 = -s + 3*p - 2*p + 16. Suppose -80*h + 677 = -75*h - 2*x, -x - 270 = -2*h. Calculate the remainder when h is divided by s.
11
Let c(k) = 40*k - 4. Suppose a = 1 - 5, a = -3*z - 1. What is the remainder when 65 is divided by c(z)?
29
Suppose 511*r - 507*r = 3*k - 562, 0 = -5*k + r + 965. Calculate the remainder when k is divided by 29.
20
Let z(r) = -r**3 - 17*r**2 + 15*r - 3. Calculate the remainder when 65 is divided by z(-18).
14
Suppose -8*u = -0*u + 11*u. Suppose 66 = 2*t - 0*t + 4*s, u = -4*t - 3*s + 147. Suppose -45 = 5*d - 800. What is the remainder when d is divided by t?
34
Let y be (3/2)/((-4)/(-8)). Suppose -2*i = 4*m - 16, -6*m + 2*m + 24 = y*i. What is the remainder when 38 is divided by i?
6
Suppose 5*u - 8 = 3*u. Let q(a) = -a**3 + a**2 + 11*a + 16. Calculate the remainder when q(-2) is divided by u.
2
Calculate the remainder when ((-176)/132)/((-10)/2325 + 0) is divided by 6.
4
Let v(x) = -2*x**3 + 21*x**2 - 5*x + 19. Let a be v(10). Suppose 4*d = a - 5. Calculate the remainder when 349 is divided by d.
13
Let z be (4/(-4))/((-4)/168). Let s = z - 39. Suppose -a + s*a = 32. What is the remainder when 61 is divided by a?
13
Let s = -14744 - -14753. Suppose y = 4*y - 69. What is the remainder when y is divided by s?
5
Suppose 3*o - 5*z = 3022, -254*z + 5060 = 5*o - 259*z. What is the remainder when o is divided by 41?
35
Suppose t - 5*c - 151 = 0, 36*t - 37*t + 175 = -c. Calculate the remainder when 575 is divided by t.
32
Suppose 396 - 968 = -4*o. Calculate the r